se
Is 8347254719 prime?
False
Is 163723026553 prime?
True
Is 11677203821 composite?
False
Is 894264797 composite?
True
Is 55134966211 composite?
True
Is 4180033699 a composite number?
True
Is 39005469161 a prime number?
True
Is 22236737413 prime?
False
Is 654795821 prime?
True
Is 509601109 prime?
False
Is 118745735981 composite?
True
Is 986482993 a prime number?
True
Is 54154949 a composite number?
True
Is 460389407 prime?
True
Is 1895187193 a composite number?
False
Is 961767991 composite?
True
Is 177362674409 composite?
False
Is 62146163 a composite number?
True
Is 190866253379 a prime number?
True
Is 4870422523 a prime number?
False
Is 55789255273 prime?
True
Is 30230613401 a prime number?
True
Is 264031836917 prime?
False
Is 3829386857 a prime number?
True
Is 132325756673 a composite number?
True
Is 12128380127 prime?
False
Is 212670512099 composite?
True
Is 9921410273 prime?
False
Is 824868997 a prime number?
True
Is 54226411 prime?
True
Is 2858164447 a prime number?
True
Is 230733376637 prime?
False
Is 117844117 prime?
True
Is 436778941 composite?
False
Is 809651527 a composite number?
True
Is 526549297 prime?
False
Is 38129124505 prime?
False
Is 6211657 a composite number?
False
Is 33178643 a composite number?
False
Is 26453917559 a prime number?
False
Is 2094047231 a composite number?
False
Is 29633843 a prime number?
True
Is 397245049 prime?
False
Is 2601395843 a prime number?
False
Is 52832053 a prime number?
False
Is 43185184829 a composite number?
False
Is 1812307631 composite?
False
Is 18883598263 prime?
True
Is 35440069057 a composite number?
False
Is 2573147779 a prime number?
False
Is 46250709209 composite?
False
Is 103156553251 composite?
True
Is 1020828647 composite?
False
Is 989692697 a composite number?
True
Is 3281051723 a prime number?
False
Is 1896671449 composite?
False
Is 2188735117 a composite number?
True
Is 9387251633 a prime number?
True
Is 66949199 prime?
True
Is 77731766303 a prime number?
True
Is 393553805277 a prime number?
False
Is 62482300909 composite?
True
Is 124063283129 composite?
True
Is 2470086707 a prime number?
False
Is 25774713379 a prime number?
False
Is 36464799353 prime?
False
Is 2420618099 a composite number?
False
Is 2988849301 prime?
False
Is 1554925367 a prime number?
True
Is 1936694938 a prime number?
False
Is 529603729 a composite number?
False
Is 14799954427 prime?
True
Is 597900539 a prime number?
True
Is 45609915859 a composite number?
True
Is 1324216301 a composite number?
False
Is 20562804239 a prime number?
True
Is 1009380569 composite?
True
Is 6687247531 composite?
False
Is 989573243 a prime number?
True
Is 5186323873 a composite number?
True
Is 1336529774 prime?
False
Is 2316065903 composite?
True
Is 2413591051 prime?
True
Is 73206429931 a prime number?
True
Is 4525958627 a prime number?
True
Is 342257297 a composite number?
True
Is 1159824727 a prime number?
True
Is 5972741351 a composite number?
True
Is 45138224623 a prime number?
True
Is 317527547 a composite number?
True
Is 13171890503 composite?
True
Is 39516157 a prime number?
False
Is 1363270355 prime?
False
Is 243861511 a composite number?
True
Is 62572186441 prime?
False
Is 916358411 prime?
True
Is 1686182431 prime?
True
Is 159879355 a prime number?
False
Is 15333504343 composite?
False
Is 265695041 a prime number?
True
Is 3916486271 a composite number?
False
Is 3822428153 composite?
True
Is 704054177 a composite number?
True
Is 13860573189 prime?
False
Is 6296711411 a composite number?
False
Is 23003665435 composite?
True
Is 115628299 a composite number?
True
Is 40039277701 composite?
False
Is 40084213687 prime?
False
Is 212221479749 prime?
True
Is 93493419323 prime?
False
Is 244143801287 prime?
True
Is 9778740601 a composite number?
True
Is 480449953 prime?
False
Is 1182637991 prime?
True
Is 8438652751 prime?
True
Is 74594921 prime?
True
Is 7631971073 composite?
False
Is 1245514811 a composite number?
False
Is 14497228699 prime?
False
Is 63208406301 prime?
False
Is 14036549353 composite?
False
Is 217233593 a prime number?
False
Is 12637214287 a composite number?
False
Is 14896899431 prime?
True
Is 63753331 prime?
False
Is 572565919 a prime number?
True
Is 1738791287 a composite number?
True
Is 1229642959 a prime number?
True
Is 6382114979 composite?
False
Is 2572007197 prime?
False
Is 26839877557 a composite number?
True
Is 2511293789 composite?
False
Is 1394759209 composite?
True
Is 4680504293 a prime number?
False
Is 152916922 a prime number?
False
Is 1770710417 a composite number?
True
Is 33476374777 a prime number?
True
Is 5120826695 a prime number?
False
Is 135268865651 composite?
False
Is 5112308387 a composite number?
False
Is 449357477 a composite number?
False
Is 1592289437 prime?
False
Is 8351866321 a prime number?
False
Is 5624011487 prime?
False
Is 191775919 composite?
True
Is 66928120013 prime?
False
Is 6426787057 prime?
True
Is 30063271897 composite?
False
Is 314565505 prime?
False
Is 2172208453 a composite number?
False
Is 29802808531 a composite number?
False
Is 22453170349 a prime number?
True
Is 33003006529 a prime number?
False
Is 602566343 a composite number?
True
Is 4332473609 a prime number?
False
Is 15788499989 prime?
False
Is 4911433883 composite?
True
Is 2089176239 a prime number?
True
Is 1665352159 prime?
True
Is 53413816487 a composite number?
False
Is 23412761 prime?
True
Is 36967756747 prime?
False
Is 5599426831 a prime number?
True
Is 3032198915 prime?
False
Is 1981766221 composite?
True
Is 11500708877 a prime number?
False
Is 47891290361 a composite number?
False
Is 808331171 a composite number?
False
Is 96665196209 a prime number?
True
Is 12591386689 composite?
True
Is 759961834 a composite number?
True
Is 181567289 a composite number?
True
Is 82741909 composite?
True
Is 9876870859 composite?
True
Is 1760317469 prime?
True
Is 3774517151 a prime number?
True
Is 20793917 prime?
False
Is 1078623731 prime?
True
Is 4331192695 composite?
True
Is 447742027 prime?
False
Is 56461799854 composite?
True
Is 5569165489 prime?
True
Is 53282523901 prime?
True
Is 138217619251 a composite number?
True
Is 6603730603 prime?
True
Is 1302034039 a prime number?
False
Is 12868294921 prime?
True
Is 3032512519 composite?
False
Is 22476158297 a composite number?
False
Is 17608588079 prime?
True
Is 41961088447 a composite number?
False
Is 1463996743 prime?
False
Is 755680301 a composite number?
False
Is 266956381 prime?
False
Is 27269367953 composite?
False
Is 450503641 prime?
False
Is 9712421 composite?
False
Is 1946953139 a composite number?
False
Is 9173600789 prime?
True
Is 734023757 a composite number?
False
Is 9903405611 a composite number?
True
Is 5950409981 prime?
False
Is 1396157717 a composite number?
False
Is 102987911627 prime?
False
Is 4991128607 a composite number?
True
Is 36914860513 prime?
True
Is 1826824691 a prime number?
True
Is 140738400937 composite?
False
Is 124962857 composite?
False
Is 16929852323 prime?
False
Is 41064120901 a prime number?
False
Is 2489146049 prime?
False
Is 9318997133 composite?
True
Is 3003560113 prime?
True
Is 161006762099 a prime number?
True
Is 6794426659 composite?
True
Is 1987916817 prime?
False
Is 42581522449 composite?
False
Is 33780213359 prime?
True
Is 424552433 a prime number?
False
Is 54173257 composite?
True
Is 2191148441 prime?
True
Is 9080078351 prime?
False
Is 23858102711 a prime number?
True
Is 11196289697 prime?
False
Is 1023636013 a prime number?
True
Is 13688673434 a prime number?
False
Is 17885100269 prime?
False
Is 1660449181 a composite number?
True
Is 53000049499 composite?
True
Is 2232003833 a composite number?
False
Is 697991867 a composite number?
True
Is 50112082859 composite?
False
Is 23752817771 composite?
False
Is 583488097 a composite number?
True
Is 7205335447 composite?
True
Is 400446757 a prime number?
True
Is 26073156979 a composite number?
True
Is 4088377663 composite?
True
Is 281243017 prime?
False
Is 41880880319 a composite number?
False
Is 104397099679 a prime number?
True
Is 327496363 a composite number?
False
Is 923609369 prime?
True
Is 132002887 a prime number?
False
Is 77744467559 a composite number?
True
Is 1197971393 composite?
True
Is 23920016677 prime?
False
Is 20530201 a prime number?
True
Is 2226334787 prime?
False
Is 181